f 185 and 5983418.
37
Calculate the highest common factor of 76440 and 2441985.
1365
Calculate the highest common divisor of 1912 and 9823378.
478
What is the highest common divisor of 49572538 and 652?
326
Calculate the highest common factor of 272184 and 7392.
264
What is the greatest common divisor of 80255 and 67060?
35
Calculate the greatest common factor of 777631 and 60172.
307
Calculate the highest common factor of 22608 and 29883537.
1413
What is the highest common divisor of 4937 and 116972341?
4937
Calculate the greatest common factor of 16082636 and 7668.
284
Calculate the greatest common factor of 1036703 and 10249.
37
What is the greatest common divisor of 114 and 126310556?
38
What is the highest common factor of 34113040 and 360?
40
Calculate the highest common divisor of 1325 and 2383375.
25
What is the greatest common factor of 396 and 5472852?
132
Calculate the greatest common factor of 420382677 and 66.
33
Calculate the greatest common factor of 36 and 1809963.
9
Calculate the highest common divisor of 2224 and 526532.
556
Calculate the greatest common factor of 2033 and 277167343.
107
What is the highest common divisor of 947954304 and 18780?
3756
Calculate the highest common factor of 395770 and 57.
19
Calculate the greatest common divisor of 12150 and 47300.
50
Calculate the highest common divisor of 520 and 13747240.
520
Calculate the highest common divisor of 3062147 and 847.
121
What is the highest common factor of 53300 and 1107574?
1066
Calculate the greatest common divisor of 77 and 42284641.
7
Calculate the greatest common factor of 325944 and 192.
24
What is the highest common divisor of 2654134 and 6174?
686
Calculate the highest common factor of 157172554 and 14.
14
What is the highest common divisor of 79980 and 112220?
620
What is the greatest common divisor of 3059 and 3277899?
19
What is the greatest common factor of 98358 and 15805374?
7566
Calculate the highest common factor of 828500 and 24000.
500
Calculate the greatest common factor of 9786207 and 831711.
7773
What is the highest common divisor of 7942968 and 6858?
54
Calculate the highest common divisor of 312 and 133744.
104
What is the highest common factor of 47133945 and 1530?
765
What is the highest common factor of 363 and 234751?
11
What is the greatest common factor of 2245628 and 92092?
7084
What is the greatest common divisor of 203896444 and 164?
164
What is the greatest common factor of 6102216 and 291411?
1161
Calculate the greatest common divisor of 7734 and 763094445.
3867
Calculate the highest common divisor of 22982862 and 3.
3
What is the greatest common factor of 338950 and 26975?
25
What is the greatest common factor of 26165219 and 274?
137
What is the highest common divisor of 321 and 26061?
3
Calculate the greatest common factor of 405250 and 1368124.
3242
What is the greatest common factor of 9415 and 194275835?
1345
What is the greatest common divisor of 1704 and 19134429?
213
Calculate the highest common factor of 13562500 and 205625.
4375
What is the highest common divisor of 202834 and 634402?
74
Calculate the greatest common divisor of 52260 and 15940.
20
Calculate the highest common factor of 155669338 and 44.
22
Calculate the highest common divisor of 35706336 and 416.
32
Calculate the greatest common factor of 128 and 4152128.
64
Calculate the highest common divisor of 38130 and 25999390.
310
Calculate the highest common factor of 15975 and 1933401.
213
Calculate the greatest common factor of 11655 and 68736150.
315
What is the greatest common factor of 43533110 and 10?
10
What is the highest common divisor of 103439 and 641744?
2111
What is the highest common divisor of 87764838 and 327?
327
Calculate the highest common divisor of 31420680 and 66.
6
Calculate the highest common divisor of 4239 and 119347632.
1413
Calculate the greatest common divisor of 9071500 and 3500.
500
What is the highest common factor of 756148 and 2116?
92
What is the highest common factor of 16745 and 215906681?
3349
What is the greatest common divisor of 5096 and 6394780?
28
Calculate the highest common divisor of 25193 and 751947.
427
What is the greatest common divisor of 3072 and 1893768?
24
What is the highest common factor of 50065683 and 201?
201
What is the greatest common divisor of 728146398 and 42?
42
Calculate the greatest common factor of 36858701 and 143.
11
Calculate the highest common divisor of 50462650 and 686.
98
Calculate the highest common factor of 14596794 and 513.
27
What is the highest common divisor of 298989267 and 185?
37
What is the greatest common factor of 44 and 29119676?
4
What is the greatest common divisor of 58 and 5685094?
2
Calculate the highest common divisor of 2013522648 and 2928.
1464
Calculate the greatest common divisor of 2950 and 11668750.
50
Calculate the highest common factor of 145305 and 405.
45
Calculate the highest common factor of 63 and 480399192.
63
What is the greatest common divisor of 23808 and 212536?
248
Calculate the highest common divisor of 984060 and 1090560.
4260
Calculate the highest common divisor of 8652 and 764.
4
Calculate the highest common divisor of 12128 and 2568483.
379
Calculate the greatest common factor of 385 and 6860546.
77
Calculate the greatest common divisor of 1091475 and 37338.
147
What is the highest common factor of 146 and 13350459?
73
What is the greatest common divisor of 1592170 and 6215?
565
What is the highest common factor of 1712301 and 46767?
393
Calculate the greatest common factor of 108 and 2584287.
9
What is the greatest common factor of 8227908 and 6942?
78
What is the greatest common divisor of 74960266 and 1978?
1978
What is the greatest common divisor of 252 and 22524068?
28
Calculate the highest common divisor of 2326 and 55001759.
1163
What is the greatest common divisor of 34 and 7920181?
17
Calculate the greatest common factor of 7097844 and 234.
78
Calculate the highest common factor of 936 and 25008399.
117
Calculate the greatest common factor of 15022 and 1165829.
203
Calculate the highest common divisor of 77925364 and 748.
44
What is the highest common factor of 12169 and 30143?
43
What is the highest common factor of 20215746 and 197?
197
What is the greatest common divisor of 1052467 and 2717?
247
What is the greatest common divisor of 295410 and 10770?
30
Calculate the greatest common divisor of 17518 and 1780382.
922
Calculate the highest common divisor of 58485616 and 208544.
5488
Calculate the highest common divisor of 81 and 908361.
27
What is the greatest common factor of 26 and 319958301?
13
Calculate the highest common factor of 360855 and 18287775.
4455
What is the greatest common factor of 4499501 and 1095?
73
Calculate the greatest common divisor of 1326726 and 882.
18
Calculate the highest common divisor of 10050 and 1842969.
201
Calculate the greatest common factor of 228441399 and 2157.
2157
What is the greatest common divisor of 81 and 10363194?
27
Calculate the highest common factor of 17770789 and 23.
23
What is the highest common factor of 10 and 44585640?
10
Calculate the greatest common factor of 25 and 2767275.
25
Calculate the highest common factor of 8671679 and 1894.
947
What is the highest common divisor of 91532 and 18281182?
934
What is the highest common factor of 1757 and 47789?
7
What is the highest common factor of 1822 and 557256878?
1822
What is the greatest common factor of 55080 and 17500140?
3060
What is the highest common factor of 5 and 431066425?
5
Calculate the highest common factor of 7682249 and 153.
17
What is the greatest common factor of 2353 and 11240281?
2353
Calculate the highest common divisor of 45 and 449094315.
15
What is the greatest common divisor of 58478460 and 6147?
2049
Calculate the highest common divisor of 697216 and 96486.
26
Calculate the greatest common factor of 91075 and 16825.
25
Calculate the greatest common factor of 344688950 and 100.
50
What is the greatest common divisor of 8699592 and 7750?
62
What is the highest common divisor of 149574700 and 484?
44
What is the greatest common factor of 34749 and 423027?
99
Calculate the greatest common factor of 61005 and 761460.
735
What is the highest common divisor of 33383 and 20071968?
1757
Calculate the highest